{"id":14,"date":"2023-07-27T10:36:07","date_gmt":"2023-07-27T08:36:07","guid":{"rendered":"http:\/\/adn-decouverte-blogs.fr\/bellevue0823\/index.php\/accueil\/"},"modified":"2023-07-27T12:00:13","modified_gmt":"2023-07-27T10:00:13","slug":"accueil","status":"publish","type":"page","link":"http:\/\/adn-decouverte-blogs.fr\/bellevue0823\/","title":{"rendered":"Accueil"},"content":{"rendered":"<div class=\"art-content-layout-wrapper layout-item-0\">\n<div class=\"art-content-layout layout-item-1\">\n<div class=\"art-content-layout-row\">\n<div class=\"art-layout-cell layout-item-2\" style=\"width: 50%;\">\n<h1 style=\"text-align: center;\"><img loading=\"lazy\" decoding=\"async\" class=\"art-lightbox\" src=\"http:\/\/adn-decouverte-blogs.fr\/bellevue2014\/wp-content\/uploads\/2014\/06\/titre-3.png\" alt=\"\" width=\"319\" height=\"80\" \/><\/h1>\n<p style=\"text-align: center;\"><a href=\"http:\/\/www.adn-decouverte.fr\/index.html\">RETOUR VERS LE SOMMAIRES DES BLOGS ADN<\/a><\/p>\n<\/div>\n<div class=\"art-layout-cell layout-item-3\" style=\"width: 50%;\">\n<p style=\"margin-top: 6px; margin-bottom: 6px; text-align: center;\"><span style=\"color: #2c2821;\">Afin \u00a0de ne rien rater des nouvelles du s\u00e9jour, n&rsquo;h\u00e9sitez pas \u00e0 consulter les diff\u00e9rentes pages du blog :<\/span><\/p>\n<p style=\"margin-top: 6px; margin-bottom: 6px; text-align: center;\"><span style=\"color: #2c2821;\"><span style=\"text-decoration: underline;\">Les articles :<\/span> les derniers messages de l&rsquo;\u00e9quipe<\/span><\/p>\n<p style=\"margin-top: 6px; margin-bottom: 6px; text-align: center;\"><span style=\"color: #2c2821;\"><span style=\"text-decoration: underline;\">Le centre<\/span> : vous trouverez les photos du centre de vacances<\/span><\/p>\n<p style=\"margin-top: 6px; margin-bottom: 6px; text-align: center;\"><span style=\"color: #2c2821; text-decoration: underline;\">L&rsquo;\u00e9quipe p\u00e9dagogique :<\/span><span style=\"color: #2c2821;\"><span style=\"font-weight: bold;\">\u00a0<\/span>vous trouverez la pr\u00e9sentation de l&rsquo;\u00e9quipe d&rsquo;encadrant<\/span><\/p>\n<p style=\"margin-top: 6px; margin-bottom: 6px; text-align: center;\"><span style=\"color: #2c2821;\"><span style=\"text-decoration: underline;\">Galerie Photo :<\/span> Vous trouverez les photos du s\u00e9jours<\/span><\/p>\n<p style=\"text-align: left; margin-top: 6px; margin-bottom: 6px;\"><span style=\"color: #2c2821;\">\u00a0<\/span><\/p>\n<\/div>\n<\/div>\n<\/div>\n<\/div>\n<div class=\"art-content-layout-wrapper layout-item-0\">\n<div class=\"art-content-layout layout-item-4\">\n<div class=\"art-content-layout-row\">\n<div class=\"art-layout-cell layout-item-2\" style=\"width: 100%;\">\n<h3 style=\"text-align: left;\">A propos de nous<\/h3>\n<\/div>\n<\/div>\n<\/div>\n<\/div>\n<div class=\"art-content-layout-wrapper layout-item-0\">\n<div class=\"art-content-layout\">\n<div class=\"art-content-layout-row\">\n<div class=\"art-layout-cell layout-item-5\" style=\"width: 33%;\">\n<p style=\"text-align: center;\"><a href=\"http:\/\/www.labellucie.com\/le-label-rse-de-reference\/lucie\/le-label-rse-de-reference\/un-label-aligne-sur-liso-26-000\"><img loading=\"lazy\" decoding=\"async\" src=\"http:\/\/adn-decouverte-blogs.fr\/bellevue2014\/wp-content\/uploads\/2014\/06\/label-lucie-2.png\" alt=\"\" width=\"96\" height=\"97\" \/><\/a><\/p>\n<p style=\"text-align: center;\"><span style=\"font-weight: bold; color: #146994;\">ADN, premier organisateur de s\u00e9jours enfants et adolescents labellis\u00e9 LUCIE &#8211; ISO 26000 en France<\/span><\/p>\n<\/div>\n<div class=\"art-layout-cell layout-item-6\" style=\"width: 34%;\">\n<p style=\"text-align: center;\"><a href=\"https:\/\/fr.calameo.com\/read\/00257865935d3753c11f6\"><img loading=\"lazy\" decoding=\"async\" src=\"http:\/\/www.adn-decouverte.fr\/images\/animation1.gif\" alt=\"\" width=\"120\" height=\"115\" \/><\/a><\/p>\n<p style=\"text-align: center;\"><span style=\"font-weight: bold; color: #146994;\">Cliquez pour d\u00e9couvrir un extrait de notre brochure 2023<\/span><\/p>\n<\/div>\n<div class=\"art-layout-cell layout-item-2\" style=\"width: 33%;\">\n<p style=\"text-align: center;\"><img loading=\"lazy\" decoding=\"async\" class=\"art-lightbox\" src=\"http:\/\/adn-decouverte-blogs.fr\/bellevue2014\/wp-content\/uploads\/2014\/06\/Sans-titre-2-2.png\" alt=\"\" width=\"204\" height=\"189\" \/><\/p>\n<p style=\"text-align: center;\"><a href=\"http:\/\/www.adn-decouverte.fr\/pages\/page-sejours.html\"><span style=\"color: #146994; font-weight: bold;\">Pour son prochain s\u00e9jour !<\/span><\/a><\/p>\n<\/div>\n<\/div>\n<\/div>\n<\/div>\n<div class=\"art-content-layout-wrapper layout-item-0\">\n<div class=\"art-content-layout layout-item-7\">\n<div class=\"art-content-layout-row\">\n<div class=\"art-layout-cell layout-item-8\" style=\"width: 100%;\"><span style=\"font-family: Tahoma;\"><span style=\"text-align: -webkit-left; color: #000000;\">Activit\u00e9 D\u00e9couverte et Nature est\u00a0<\/span><span style=\"text-align: -webkit-left; color: #000000;\">une association qui a pour vocation de faire partir le plus grand nombre d&rsquo;enfants et d&rsquo;adolescents en s\u00e9jours. A ce titre, nous organisons des colonies de vacances pour les enfants et les adolescents (de 4 \u00e0 17 ans) ainsi que des classes de d\u00e9couverte et voyages scolaires pour les \u00e9l\u00e8ves des \u00e9coles primaires, des coll\u00e8ges et des lyc\u00e9es. Pour l&rsquo;organisation de ces s\u00e9jours, nous travaillons avec 40 centres de vacances en France et \u00e0 l&rsquo;\u00e9tranger, s\u00e9lectionn\u00e9s pour leur confort et leur implantation<\/span><span style=\"text-align: -webkit-left; color: #000000;\">.<\/span><\/span><\/div>\n<\/div>\n<\/div>\n<\/div>\n","protected":false},"excerpt":{"rendered":"<p>RETOUR VERS LE SOMMAIRES DES BLOGS ADN Afin \u00a0de ne rien rater des nouvelles du s\u00e9jour, n&rsquo;h\u00e9sitez pas \u00e0 consulter les diff\u00e9rentes pages du blog : Les articles : les derniers messages de l&rsquo;\u00e9quipe Le centre : vous trouverez les photos du centre de vacances L&rsquo;\u00e9quipe p\u00e9dagogique :\u00a0vous trouverez la pr\u00e9sentation de l&rsquo;\u00e9quipe d&rsquo;encadrant Galerie [&hellip;]<\/p>\n","protected":false},"author":1,"featured_media":0,"parent":0,"menu_order":1,"comment_status":"closed","ping_status":"closed","template":"","meta":{"footnotes":""},"class_list":["post-14","page","type-page","status-publish","hentry"],"_links":{"self":[{"href":"http:\/\/adn-decouverte-blogs.fr\/bellevue0823\/index.php\/wp-json\/wp\/v2\/pages\/14","targetHints":{"allow":["GET"]}}],"collection":[{"href":"http:\/\/adn-decouverte-blogs.fr\/bellevue0823\/index.php\/wp-json\/wp\/v2\/pages"}],"about":[{"href":"http:\/\/adn-decouverte-blogs.fr\/bellevue0823\/index.php\/wp-json\/wp\/v2\/types\/page"}],"author":[{"embeddable":true,"href":"http:\/\/adn-decouverte-blogs.fr\/bellevue0823\/index.php\/wp-json\/wp\/v2\/users\/1"}],"replies":[{"embeddable":true,"href":"http:\/\/adn-decouverte-blogs.fr\/bellevue0823\/index.php\/wp-json\/wp\/v2\/comments?post=14"}],"version-history":[{"count":1,"href":"http:\/\/adn-decouverte-blogs.fr\/bellevue0823\/index.php\/wp-json\/wp\/v2\/pages\/14\/revisions"}],"predecessor-version":[{"id":40,"href":"http:\/\/adn-decouverte-blogs.fr\/bellevue0823\/index.php\/wp-json\/wp\/v2\/pages\/14\/revisions\/40"}],"wp:attachment":[{"href":"http:\/\/adn-decouverte-blogs.fr\/bellevue0823\/index.php\/wp-json\/wp\/v2\/media?parent=14"}],"curies":[{"name":"wp","href":"https:\/\/api.w.org\/{rel}","templated":true}]}}